{"id":3173,"date":"2025-05-12T20:17:42","date_gmt":"2025-05-13T00:17:42","guid":{"rendered":"https:\/\/ramonfreire.cl\/musicaysonido\/?page_id=3173"},"modified":"2026-04-24T17:37:16","modified_gmt":"2026-04-24T21:37:16","slug":"conferencias","status":"publish","type":"page","link":"https:\/\/ramonfreire.cl\/musicaysonido\/conferencias\/","title":{"rendered":"CONFERENCIAS"},"content":{"rendered":"\n<p><strong>La verdadera MORAL en GRECIA<\/strong><\/p>\n\n\n\n<p>Derribando el mayor mito en contra de nuestra cultura ancestral<\/p>\n\n\n\n<figure class=\"wp-block-image size-full is-resized\"><a href=\"https:\/\/ramonfreire.cl\/musicaysonido\/wp-content\/uploads\/2026\/04\/la-verdadera-moral-Griega.jpg\"><img loading=\"lazy\" decoding=\"async\" width=\"732\" height=\"731\" src=\"https:\/\/ramonfreire.cl\/musicaysonido\/wp-content\/uploads\/2026\/04\/la-verdadera-moral-Griega.jpg\" alt=\"\" class=\"wp-image-3485\" style=\"aspect-ratio:1.0013505593354228;width:340px;height:auto\" srcset=\"https:\/\/ramonfreire.cl\/musicaysonido\/wp-content\/uploads\/2026\/04\/la-verdadera-moral-Griega.jpg 732w, https:\/\/ramonfreire.cl\/musicaysonido\/wp-content\/uploads\/2026\/04\/la-verdadera-moral-Griega-300x300.jpg 300w, https:\/\/ramonfreire.cl\/musicaysonido\/wp-content\/uploads\/2026\/04\/la-verdadera-moral-Griega-150x150.jpg 150w\" sizes=\"auto, (max-width: 732px) 100vw, 732px\" \/><\/a><\/figure>\n\n\n\n<p>Relatada por Ram\u00f3n Freire, 36 minutos de duracion valor 4900 pesos chilenos o 5 dolares<\/p>\n\n\n\n<p><\/p>\n\n\n\n<p><strong>Introducci\u00f3n a la AUTOBIOGRAFIA DE UN YOGUI de Paramahansa Yogananda.<\/strong><\/p>\n\n\n\n<p>Relatada por Ram\u00f3n Freire, 106 minutos de duracion valor 4900 pesos chilenos o 5 dolares<\/p>\n\n\n\n<figure class=\"wp-block-image size-large is-resized\"><a href=\"https:\/\/ramonfreire.cl\/musicaysonido\/wp-content\/uploads\/2025\/09\/caratula-autobiogafia-yogui.png\"><img loading=\"lazy\" decoding=\"async\" width=\"1024\" height=\"998\" src=\"https:\/\/ramonfreire.cl\/musicaysonido\/wp-content\/uploads\/2025\/09\/caratula-autobiogafia-yogui-1024x998.png\" alt=\"\" class=\"wp-image-3370\" style=\"width:337px;height:auto\" srcset=\"https:\/\/ramonfreire.cl\/musicaysonido\/wp-content\/uploads\/2025\/09\/caratula-autobiogafia-yogui-1024x998.png 1024w, https:\/\/ramonfreire.cl\/musicaysonido\/wp-content\/uploads\/2025\/09\/caratula-autobiogafia-yogui-300x292.png 300w, https:\/\/ramonfreire.cl\/musicaysonido\/wp-content\/uploads\/2025\/09\/caratula-autobiogafia-yogui-768x749.png 768w, https:\/\/ramonfreire.cl\/musicaysonido\/wp-content\/uploads\/2025\/09\/caratula-autobiogafia-yogui-308x300.png 308w, https:\/\/ramonfreire.cl\/musicaysonido\/wp-content\/uploads\/2025\/09\/caratula-autobiogafia-yogui.png 1118w\" sizes=\"auto, (max-width: 1024px) 100vw, 1024px\" \/><\/a><\/figure>\n\n\n\n<p><a href=\"https:\/\/ramonfreire.cl\/musicaysonido\/pago-curso-musica-piano-guitarra\/\">PARA ADQUIRIR HAZ  CLICK AQUI<\/a><\/p>\n\n\n\n<p>12 CONFERENCIAS de Ram\u00f3n Freire de duracion casi 24 horas en total, estos son los t\u00edtulos y la duraci\u00f3n individual de cada una en minutos<\/p>\n\n\n\n<figure class=\"wp-block-image\"><img loading=\"lazy\" decoding=\"async\" width=\"327\" height=\"303\" src=\"https:\/\/ramonfreire.cl\/musicaysonido\/wp-content\/uploads\/2025\/05\/image.png\" alt=\"\" class=\"wp-image-3174\" srcset=\"https:\/\/ramonfreire.cl\/musicaysonido\/wp-content\/uploads\/2025\/05\/image.png 327w, https:\/\/ramonfreire.cl\/musicaysonido\/wp-content\/uploads\/2025\/05\/image-300x278.png 300w, https:\/\/ramonfreire.cl\/musicaysonido\/wp-content\/uploads\/2025\/05\/image-324x300.png 324w\" sizes=\"auto, (max-width: 327px) 100vw, 327px\" \/><\/figure>\n\n\n\n<ul class=\"wp-block-list\">\n<li>El Arte y la Ciencia de estar en<br> Paz 129\u201d <br><\/li>\n\n\n\n<li>Camino al Yo Superior 96\u201d <br> <\/li>\n\n\n\n<li>Equilibrio y Sabidur\u00eda 146\u201d <br> <\/li>\n\n\n\n<li>Flammarion Le Bon Educaci\u00f3n 144\u201d<br> <\/li>\n\n\n\n<li>Geopol\u00edtica y Mente 104\u201d <br> <\/li>\n\n\n\n<li>Jes\u00fas y la cruz 109\u201d <br> <\/li>\n\n\n\n<li>Libertad Musas y Religion 138\u201d <br> <\/li>\n\n\n\n<li>M\u00fasica y Vida 96\u201d <br> <\/li>\n\n\n\n<li>Palabras y Vida 93\u201d <br> <\/li>\n\n\n\n<li>El Sabio y el Alma 92\u201d <br> <\/li>\n\n\n\n<li>Upanishads 147\u201d <br> <\/li>\n\n\n\n<li>Vencer en Paz 104\u201d <br>\t<br><\/li>\n<\/ul>\n\n\n\n<p>total 1398\u201d minutos, esto es&nbsp;23, 3 horas<\/p>\n\n\n\n<p>valor: 32 dolares o 32 mil pesos chilenos<\/p>\n\n\n\n<p><a href=\"https:\/\/ramonfreire.cl\/musicaysonido\/pago-curso-musica-piano-guitarra\/\">PARA ADQUIRIR HAZ  CLICK AQUI<\/a><\/p>\n\n\n\n<p><strong>El Sendero de los GUERREROS LUMINOSO<\/strong><\/p>\n\n\n\n<figure class=\"wp-block-image\"><img loading=\"lazy\" decoding=\"async\" width=\"311\" height=\"305\" src=\"https:\/\/ramonfreire.cl\/musicaysonido\/wp-content\/uploads\/2025\/05\/image-1.png\" alt=\"\" class=\"wp-image-3175\" srcset=\"https:\/\/ramonfreire.cl\/musicaysonido\/wp-content\/uploads\/2025\/05\/image-1.png 311w, https:\/\/ramonfreire.cl\/musicaysonido\/wp-content\/uploads\/2025\/05\/image-1-300x294.png 300w, https:\/\/ramonfreire.cl\/musicaysonido\/wp-content\/uploads\/2025\/05\/image-1-306x300.png 306w\" sizes=\"auto, (max-width: 311px) 100vw, 311px\" \/><\/figure>\n\n\n\n<p>21 cap\u00edtulos m\u00e1s de 14 horas de conferencias de Ram\u00f3n Freire repasando los principales textos escritos de este tema, EL SENDERO DEL GUERRERO, especial para auto liderarnos en estos tiempos tan dificiles, ilustrado con ejemplos pr\u00e1cticos y an\u00e9cdotas.<\/p>\n\n\n\n<p>valor :40 d\u00f3lares o 42 mil pesos chilenos.<\/p>\n\n\n\n<p><a href=\"https:\/\/ramonfreire.cl\/musicaysonido\/pago-curso-musica-piano-guitarra\/\">PARA ADQUIRIR HAZ CLICK AQUI<\/a><\/p>\n","protected":false},"excerpt":{"rendered":"<p>La verdadera MORAL en GRECIA Derribando el mayor mito en contra de nuestra cultura ancestral Relatada por Ram\u00f3n Freire, 36 minutos de duracion valor 4900 pesos chilenos o 5 dolares Introducci\u00f3n a la AUTOBIOGRAFIA DE UN YOGUI de Paramahansa Yogananda. &hellip; <a href=\"https:\/\/ramonfreire.cl\/musicaysonido\/conferencias\/\">Sigue leyendo <span class=\"meta-nav\">&rarr;<\/span><\/a><\/p>\n","protected":false},"author":1,"featured_media":0,"parent":0,"menu_order":0,"comment_status":"closed","ping_status":"closed","template":"","meta":{"_exactmetrics_skip_tracking":false,"_exactmetrics_sitenote_active":false,"_exactmetrics_sitenote_note":"","_exactmetrics_sitenote_category":0,"_monsterinsights_skip_tracking":false,"_monsterinsights_sitenote_active":false,"_monsterinsights_sitenote_note":"","_monsterinsights_sitenote_category":0,"footnotes":""},"class_list":["post-3173","page","type-page","status-publish","hentry"],"aioseo_notices":[],"_links":{"self":[{"href":"https:\/\/ramonfreire.cl\/musicaysonido\/wp-json\/wp\/v2\/pages\/3173","targetHints":{"allow":["GET"]}}],"collection":[{"href":"https:\/\/ramonfreire.cl\/musicaysonido\/wp-json\/wp\/v2\/pages"}],"about":[{"href":"https:\/\/ramonfreire.cl\/musicaysonido\/wp-json\/wp\/v2\/types\/page"}],"author":[{"embeddable":true,"href":"https:\/\/ramonfreire.cl\/musicaysonido\/wp-json\/wp\/v2\/users\/1"}],"replies":[{"embeddable":true,"href":"https:\/\/ramonfreire.cl\/musicaysonido\/wp-json\/wp\/v2\/comments?post=3173"}],"version-history":[{"count":7,"href":"https:\/\/ramonfreire.cl\/musicaysonido\/wp-json\/wp\/v2\/pages\/3173\/revisions"}],"predecessor-version":[{"id":3488,"href":"https:\/\/ramonfreire.cl\/musicaysonido\/wp-json\/wp\/v2\/pages\/3173\/revisions\/3488"}],"wp:attachment":[{"href":"https:\/\/ramonfreire.cl\/musicaysonido\/wp-json\/wp\/v2\/media?parent=3173"}],"curies":[{"name":"wp","href":"https:\/\/api.w.org\/{rel}","templated":true}]}}