{"id":1484,"date":"2016-08-16T12:42:17","date_gmt":"2016-08-16T15:42:17","guid":{"rendered":"http:\/\/ramonfreire.cl\/musicaysonido\/?page_id=1484"},"modified":"2025-04-02T13:51:29","modified_gmt":"2025-04-02T16:51:29","slug":"sonido","status":"publish","type":"page","link":"https:\/\/ramonfreire.cl\/musicaysonido\/sonido\/","title":{"rendered":"SONIDO"},"content":{"rendered":"<p><span style=\"color: #33cccc; font-size: 14pt; font-family: arial, helvetica, sans-serif;\"><strong>CURSO\u00a0B\u00c1SICO\u00a0DE \u00a0SONIDO<\/strong><\/span><\/p>\n<p><span style=\"font-family: arial, helvetica, sans-serif;\"><img loading=\"lazy\" decoding=\"async\" class=\"wp-image-995 alignleft\" src=\"http:\/\/ramonfreire.cl\/musicaysonido\/wp-content\/uploads\/2014\/09\/gl-330.jpg\" alt=\"gl 330\" width=\"481\" height=\"307\" srcset=\"https:\/\/ramonfreire.cl\/musicaysonido\/wp-content\/uploads\/2014\/09\/gl-330.jpg 1200w, https:\/\/ramonfreire.cl\/musicaysonido\/wp-content\/uploads\/2014\/09\/gl-330-300x191.jpg 300w, https:\/\/ramonfreire.cl\/musicaysonido\/wp-content\/uploads\/2014\/09\/gl-330-1024x652.jpg 1024w\" sizes=\"auto, (max-width: 481px) 100vw, 481px\" \/><\/span><\/p>\n<p><span style=\"font-family: arial, helvetica, sans-serif; font-size: 14pt;\"><span style=\"color: #33cccc;\"><strong>Dirigido a<\/strong>\u00a0<\/span> Adultos y j\u00f3venes con o sin experiencia.<\/span><\/p>\n<p><span style=\"font-family: arial, helvetica, sans-serif; font-size: 14pt; color: #33cccc;\"><strong>Objetivos del curso:<\/strong><\/span><\/p>\n<p><span style=\"font-family: arial, helvetica, sans-serif; font-size: 14pt;\">Capacitar a los participantes en la comprensi\u00f3n te\u00f3rica y uso pr\u00e1ctico b\u00e1sico de<\/span><br \/>\n<span style=\"font-family: arial, helvetica, sans-serif; font-size: 14pt;\"> Equipos de Sonido Profesional.<\/span><\/p>\n<p><span style=\"font-family: arial, helvetica, sans-serif; font-size: 14pt;\"><strong>Algunos de los temas que desarrollamos en nuestro curso:<\/strong><\/span><\/p>\n<p><span style=\"font-family: arial, helvetica, sans-serif; font-size: 14pt;\"><img loading=\"lazy\" decoding=\"async\" class=\"wp-image-50 aligncenter\" src=\"http:\/\/ramonfreire.cl\/musicaysonido\/wp-content\/uploads\/2013\/06\/consola1.jpg\" alt=\"consola\" width=\"530\" height=\"323\" srcset=\"https:\/\/ramonfreire.cl\/musicaysonido\/wp-content\/uploads\/2013\/06\/consola1.jpg 720w, https:\/\/ramonfreire.cl\/musicaysonido\/wp-content\/uploads\/2013\/06\/consola1-300x182.jpg 300w\" sizes=\"auto, (max-width: 530px) 100vw, 530px\" \/><\/span><\/p>\n<p><span style=\"font-family: arial, helvetica, sans-serif; font-size: 14pt;\">* MIXERS , MESAS DE MEZCLA.<\/span><br \/>\n<span style=\"font-family: arial, helvetica, sans-serif; font-size: 14pt;\"> * CONECTORES Y CABLES DE AUDIO<\/span><br \/>\n<span style=\"font-family: arial, helvetica, sans-serif; font-size: 14pt;\"> * MICROFONOS<\/span><br \/>\n<span style=\"font-family: arial, helvetica, sans-serif; font-size: 14pt;\"> * POSICIONES UNIVERSALES DE MICROFONOS<\/span><br \/>\n<span style=\"font-family: arial, helvetica, sans-serif; font-size: 14pt;\"> * USO DE CAJAS DIRECTAS (DIRECT BOX)<\/span><br \/>\n<span style=\"font-family: arial, helvetica, sans-serif; font-size: 14pt;\"> * COMPRESORES<\/span><br \/>\n<span style=\"font-family: arial, helvetica, sans-serif; font-size: 14pt;\"> * GATES<\/span><br \/>\n<span style=\"font-family: arial, helvetica, sans-serif; font-size: 14pt;\"> * DECIBELES ELECTRICOS Y ACUSTICOS<\/span><br \/>\n<span style=\"font-family: arial, helvetica, sans-serif; font-size: 14pt;\"> * VU Y PEAK METER<\/span><br \/>\n<span style=\"font-family: arial, helvetica, sans-serif; font-size: 14pt;\"> * ELECTRICIDAD BASICA<\/span><br \/>\n<span style=\"font-family: arial, helvetica, sans-serif; font-size: 14pt;\"> * DAW, SOFTWARES DE AUDIO<\/span><br \/>\n<span style=\"font-family: arial, helvetica, sans-serif; font-size: 14pt;\"> * CONSOLAS DIGITALES<\/span><\/p>\n<p><span style=\"font-family: arial, helvetica, sans-serif;\"><img loading=\"lazy\" decoding=\"async\" class=\"size-full wp-image-305 alignleft\" src=\"http:\/\/ramonfreire.cl\/musicaysonido\/wp-content\/uploads\/2013\/07\/studiolive.jpg\" alt=\"studiolive\" width=\"500\" height=\"437\" srcset=\"https:\/\/ramonfreire.cl\/musicaysonido\/wp-content\/uploads\/2013\/07\/studiolive.jpg 500w, https:\/\/ramonfreire.cl\/musicaysonido\/wp-content\/uploads\/2013\/07\/studiolive-300x262.jpg 300w\" sizes=\"auto, (max-width: 500px) 100vw, 500px\" \/><\/span><\/p>\n<p><span style=\"font-family: arial, helvetica, sans-serif;\"><span style=\"color: #33cccc; font-size: 14pt;\"><strong>Duraci\u00f3n:<\/strong><\/span>\u00a06 semanas<\/span><\/p>\n<p><span style=\"font-family: arial, helvetica, sans-serif; font-size: 14pt;\">\u00a0 \u00a0 \u00a0 \u00a0 \u00a0<strong><br \/>\n<\/strong><\/span><\/p>\n<p><span style=\"font-family: arial, helvetica, sans-serif; font-size: 14pt; color: #33cccc;\"><strong>Valor:<br \/>\n<\/strong><\/span><\/p>\n<p><span style=\"font-family: arial, helvetica, sans-serif; font-size: 14pt;\">\u00a0 \u00a0 \u00a0 \u00a0 \u00a0<strong>\u00a0<\/strong><\/span><span style=\"font-family: arial, helvetica, sans-serif; font-size: 14pt;\">\u00a0 \u00a0 \u00a0 \u00a0<span style=\"font-size: 12pt;\"> \u00a0 <\/span><\/span> <strong>U$180<\/strong>, <strong>$180 mil<\/strong> pesos Chile<\/p>\n<p><span style=\"font-size: 18pt;\"><a href=\"https:\/\/ramonfreire.cl\/musicaysonido\/pago-curso-musica-piano-guitarra\/\">INSCRIPCION\u00a0<\/a><\/span><\/p>\n","protected":false},"excerpt":{"rendered":"<p>CURSO\u00a0B\u00c1SICO\u00a0DE \u00a0SONIDO Dirigido a\u00a0 Adultos y j\u00f3venes con o sin experiencia. Objetivos del curso: Capacitar a los participantes en la comprensi\u00f3n te\u00f3rica y uso pr\u00e1ctico b\u00e1sico de Equipos de Sonido Profesional. Algunos de los temas que desarrollamos en nuestro curso: &hellip; <a href=\"https:\/\/ramonfreire.cl\/musicaysonido\/sonido\/\">Sigue leyendo <span class=\"meta-nav\">&rarr;<\/span><\/a><\/p>\n","protected":false},"author":1,"featured_media":0,"parent":0,"menu_order":0,"comment_status":"closed","ping_status":"closed","template":"","meta":{"_exactmetrics_skip_tracking":false,"_exactmetrics_sitenote_active":false,"_exactmetrics_sitenote_note":"","_exactmetrics_sitenote_category":0,"_monsterinsights_skip_tracking":false,"_monsterinsights_sitenote_active":false,"_monsterinsights_sitenote_note":"","_monsterinsights_sitenote_category":0,"footnotes":""},"class_list":["post-1484","page","type-page","status-publish","hentry"],"aioseo_notices":[],"_links":{"self":[{"href":"https:\/\/ramonfreire.cl\/musicaysonido\/wp-json\/wp\/v2\/pages\/1484","targetHints":{"allow":["GET"]}}],"collection":[{"href":"https:\/\/ramonfreire.cl\/musicaysonido\/wp-json\/wp\/v2\/pages"}],"about":[{"href":"https:\/\/ramonfreire.cl\/musicaysonido\/wp-json\/wp\/v2\/types\/page"}],"author":[{"embeddable":true,"href":"https:\/\/ramonfreire.cl\/musicaysonido\/wp-json\/wp\/v2\/users\/1"}],"replies":[{"embeddable":true,"href":"https:\/\/ramonfreire.cl\/musicaysonido\/wp-json\/wp\/v2\/comments?post=1484"}],"version-history":[{"count":27,"href":"https:\/\/ramonfreire.cl\/musicaysonido\/wp-json\/wp\/v2\/pages\/1484\/revisions"}],"predecessor-version":[{"id":3112,"href":"https:\/\/ramonfreire.cl\/musicaysonido\/wp-json\/wp\/v2\/pages\/1484\/revisions\/3112"}],"wp:attachment":[{"href":"https:\/\/ramonfreire.cl\/musicaysonido\/wp-json\/wp\/v2\/media?parent=1484"}],"curies":[{"name":"wp","href":"https:\/\/api.w.org\/{rel}","templated":true}]}}